oes 19 divide 25900800?
True
Does 76 divide 274094760?
True
Is 414659290 a multiple of 14?
False
Is 86 a factor of 254878544?
True
Is 21559136 a multiple of 1648?
True
Is 458 a factor of 193299967?
False
Does 1633 divide 24947660?
False
Is 12031902 a multiple of 18?
True
Is 292375648 a multiple of 608?
True
Does 10 divide 70725640?
True
Is 33 a factor of 8392131?
True
Does 34 divide 12422623?
False
Is 15 a factor of 196430530?
False
Does 352 divide 7653308?
False
Is 218916960 a multiple of 2505?
True
Is 15434413 a multiple of 456?
False
Is 58714296 a multiple of 12?
True
Is 18 a factor of 12084642?
True
Does 58 divide 30290171?
False
Is 2586852 a multiple of 36?
True
Is 62397790 a multiple of 10?
True
Does 679 divide 400191?
False
Is 174372888 a multiple of 32?
False
Does 991 divide 120977922?
False
Is 26 a factor of 132084498?
True
Is 691 a factor of 59763950?
False
Does 22 divide 1153556692?
False
Is 45171441 a multiple of 35?
False
Does 45 divide 68558490?
True
Is 126712049 a multiple of 143?
False
Does 441 divide 51220123?
False
Is 6159965514 a multiple of 10?
False
Does 2169 divide 567907101?
True
Does 5 divide 426181415?
True
Does 1842 divide 5780196?
True
Is 8 a factor of 102401696?
True
Is 266473370 a multiple of 10?
True
Is 378319850 a multiple of 2?
True
Is 382979267 a multiple of 60?
False
Is 4635276 a multiple of 6?
True
Does 4066 divide 92351058?
True
Is 446707305 a multiple of 405?
True
Does 260 divide 27548560?
True
Is 16 a factor of 1174388832?
True
Is 973497 a multiple of 307?
True
Is 202 a factor of 10550864?
True
Is 303 a factor of 313763166?
True
Is 29 a factor of 863911005?
False
Is 104 a factor of 97483464?
True
Is 39694800 a multiple of 10?
True
Does 64 divide 5764032?
True
Is 1551874185 a multiple of 459?
False
Does 1318 divide 486343112?
False
Does 2255 divide 47293601?
False
Does 11 divide 2802648683?
False
Is 10 a factor of 1183270010?
True
Does 102 divide 76214183?
False
Does 421 divide 61956340?
False
Does 116 divide 34190304?
True
Is 7 a factor of 59509591?
False
Is 85 a factor of 45690135?
True
Does 329 divide 89628568?
False
Is 277 a factor of 801361?
True
Is 51 a factor of 214803177?
True
Is 4 a factor of 136410428?
True
Is 278 a factor of 7946630?
True
Is 3750 a factor of 1453669617?
False
Is 985 a factor of 2983565?
True
Is 1376737474 a multiple of 7?
True
Is 296786615 a multiple of 12?
False
Is 9 a factor of 100046489?
False
Does 94 divide 785197973?
False
Is 43 a factor of 4724043230?
False
Is 40413 a multiple of 709?
True
Is 39524870 a multiple of 385?
True
Is 4201925748 a multiple of 12?
True
Is 63146201 a multiple of 10?
False
Is 148 a factor of 118107178?
False
Does 20 divide 25640520?
True
Is 2016201347 a multiple of 1687?
False
Is 462857212 a multiple of 278?
True
Does 2 divide 2085412?
True
Is 29 a factor of 11772422?
False
Does 2682 divide 981731560?
False
Does 798 divide 1161515334?
True
Is 242006894 a multiple of 49?
False
Does 21 divide 37638277?
False
Is 353 a factor of 20416962?
False
Does 16 divide 474328304?
True
Does 26 divide 286877953?
False
Is 40061196 a multiple of 27?
True
Is 45668393 a multiple of 583?
False
Is 361 a factor of 40097315?
False
Is 2878 a factor of 1045069895?
False
Is 35512269 a multiple of 17?
True
Is 484 a factor of 174256207?
False
Is 588 a factor of 280382804?
False
Is 10 a factor of 167383081?
False
Is 413 a factor of 7623440?
False
Is 1432 a factor of 141304032?
True
Does 3 divide 9426179?
False
Is 87847032 a multiple of 78?
True
Does 806 divide 6535528?
False
Is 194 a factor of 4957864?
True
Is 39594810 a multiple of 2561?
False
Is 46785822 a multiple of 257?
True
Is 43 a factor of 300207319?
False
Does 63 divide 836816265?
False
Does 167 divide 9837636?
True
Is 17 a factor of 565026654?
True
Does 242 divide 181581796?
True
Does 11 divide 44568815?
False
Is 344 a factor of 110686472?
True
Does 22 divide 103148298?
True
Is 20 a factor of 35273740?
True
Does 70 divide 316257173?
False
Does 11 divide 9875943?
True
Is 2144 a factor of 192867808?
True
Is 41092033 a multiple of 22?
False
Does 325 divide 47926450?
True
Is 163778005 a multiple of 21?
False
Is 1079 a factor of 775368220?
False
Does 5484 divide 830677932?
True
Does 9 divide 9462928?
False
Is 140177968 a multiple of 56?
True
Is 359773106 a multiple of 4073?
False
Is 1567 a factor of 64796165?
False
Is 202 a factor of 126600837?
False
Does 175 divide 9580725?
True
Is 83046312 a multiple of 8?
True
Does 57 divide 6195957?
True
Is 125 a factor of 1724307000?
True
Does 300 divide 11286600?
True
Is 60 a factor of 567297120?
True
Is 73492542 a multiple of 5?
False
Is 84 a factor of 1653540?
True
Is 20 a factor of 1064072940?
True
Is 5227082 a multiple of 2?
True
Is 48943475 a multiple of 35?
True
Does 111 divide 35924706?
True
Does 24 divide 97863336?
True
Is 30735112 a multiple of 7?
False
Is 8 a factor of 211256510?
False
Is 142216715 a multiple of 113?
True
Is 300 a factor of 31574157?
False
Does 431 divide 1894881916?
False
Is 30264511 a multiple of 1601?
False
Is 1737270314 a multiple of 51?
False
Is 2812566471 a multiple of 13?
True
Is 798 a factor of 31183587?
False
Is 37 a factor of 10926684?
False
Is 270 a factor of 262047420?
True
Is 38541420 a multiple of 666?
True
Does 1166 divide 38479350?
False
Is 554 a factor of 4952707?
False
Is 347 a factor of 1054858313?
False
Is 13 a factor of 4192040?
False
Is 2219053813 a multiple of 8452?
False
Is 112149568 a multiple of 476?
False
Is 15281852 a multiple of 19?
True
Is 66 a factor of 33259703?
False
Is 1687043286 a multiple of 1389?
True
Is 1036305281 a multiple of 67?
True
Is 77422402 a multiple of 21?
False
Is 31 a factor of 157777140?
False
Is 44691567 a multiple of 393?
True
Is 113137785 a multiple of 190?
False
Does 24 divide 40675560?
True
Is 31 a factor of 25198629?
True
Is 2532811543 a multiple of 5107?
True
Is 227 a factor of 22587181?
True
Is 661251368 a multiple of 61?
False
Is 108 a factor of 158276592?
True
Does 39 divide 590128188?
True
Is 4205682082 a multiple of 11?
False
Is 11 a factor of 3526248605?
True
Is 496340460 a multiple of 63?
True
Does 79 divide 524592548?
True
Does 40 divide 2342298200?
True
Is 7 a factor of 727202?
True
Is 12 a factor of 265360140?
True
Does 4706 divide 1311887141?
False
Is 37194165 a multiple of 15?
True
Does 665 divide 136608290?
True
Is 1236 a factor of 51947482?
False
Is 47010240 a multiple of 216?
True
Does 478 divide 74846837?
False
Is 1578 a factor of 232130862?
False
Does 673 divide 737672608?
True
Is 34951873 a multiple of 319?
True
Is 357 a factor of 5380961040?
True
Is 295726144 a multiple of 4336?
False
Is 33711108 a multiple of 29?
True
Does 618 divide 16494689?
False
Does 9 divide 2547333413?
False
Is 1467 a factor of 182258613?
True
Does 11 divide 13053502?
True
Is 306 a factor of 41854744?
False
Is 1931 a factor of 1171009952?
False
Is 18 a factor of 222954642?
True
Is 664 a factor of 84890013?
False
Is 4384 a factor of 16899908?
False
Does 348 divide 47891547?
False
Is 13 a factor of 14085767?
False
Does 1035 divide 105749083?
False
Does 491 divide 393298576?
False
Is 12 a factor of 34543308?
True
Is 127231080 a multiple of 158?
True
Is 2141635860 a multiple of 210?
True
Does 354 divide 983905202?
False
Is 4801351 a multiple of 65?
False
Is 111 a factor of 1044847124?
False
Does 1150 divide 34925500?
True
Is 1603203033 a multiple of 2337?
True
Is 79246496 a multiple of 47?
False
Is 411777 a multiple of 453?
True
Is 9 a factor of 34800093?
True
Does 135 divide 393799585?
False
Is 1791164 a multiple of 22?
False
Does 141 divide 7882746?
True
Is 22 a factor of 230491294?
True
Does 14 divide 4081845239?
False
Does 82 divide 25481441?
False
Is 15 a factor of 110422830?
True
Is 381055401 a multiple of 86?
False
Does 772 divide 43250558?
False
Does 1990 divide 250083300?
True
Does 51 divide 56603166?
True
Does 161 divide 5694119?
False
Is 13611484 a multiple of 148?
False
Is 433538 a multiple of 3?
False
Is 59 a factor of 144505219?
True
Is 168 a factor of 17759880?
False
Does 3 divide 397853658?
True
Is 5635 a factor of 1539403560?
False
Is 826 a factor of 4105489091?
False
Does 92 divide 297009432?
False
Is 188067957 a multiple of 64?
False
Is 77128632 a multiple of 7?
True
Is 1420675171 a multipl